 s.
18
Let o(s) = s**2 - 44*s - 50. Let u be o(45). Let l be (0/(-3) - -6)*(u + 10). Calculate the highest common divisor of l and 30.
30
Let n = -17062 + 17219. Calculate the greatest common factor of 32 and n.
1
Let w = -148 + 218. Let g be (-84)/w - 101/(-5). What is the greatest common divisor of 551 and g?
19
Suppose s + 4*s - 407 = -3*g, 4*g = 3*s + 591. Calculate the greatest common divisor of 2000 and g.
16
Suppose 9960 = 3*s - n, 0 = -4*s - 4*n + 13573 - 277. Calculate the highest common divisor of 410 and s.
41
Suppose -3*g + 10 = 5*w - 53, -4*w + 12 = 0. Suppose 0 = -4*x - 154 + 186. Calculate the highest common divisor of x and g.
8
Let m be (-4)/((5/2)/(-11 + 6)). Suppose 29*c - 31*c + 2 = 0. Calculate the greatest common factor of c and m.
1
Let w be 140/34 - ((-249)/51 + 5). Suppose 0 = -w*t, -2*b - 1 = -t - 11. What is the greatest common factor of 40 and b?
5
Suppose -9366 = 9*v + 12*v. Let o = -438 - v. What is the greatest common factor of o and 8?
8
Let v be (5 - 1)*10/8. Suppose -2*z - v*q + 125 = 0, z - 5*q = -0*q + 55. Suppose -4*c - 2 - 2 = y, -4 = c. Calculate the greatest common factor of z and y.
12
Suppose -2*f - b = -34, 0 = 4*f - 5*b - 60 - 8. Let n be (51/2)/(3/16). What is the greatest common divisor of f and n?
17
Let x = 278 - 123. Let i = x - 143. Calculate the highest common factor of 204 and i.
12
Let m = -2022 + 3429. Suppose -5151 + m = -9*z. What is the greatest common divisor of 156 and z?
52
Suppose 430*o + 145*o + 3188 = 19863. Calculate the highest common divisor of o and 21054.
29
Let t = 2232 + -2221. What is the greatest common divisor of t and 2486?
11
Let a(p) = 99*p - 547. Let x be a(8). Calculate the greatest common divisor of x and 21.
7
Suppose -5*d + 135 = 5*t, 20 = 9*t - 14*t. Calculate the greatest common divisor of d and 1736.
31
Let i be (2 + -1)/(-1 + 2). Let j(l) = -26*l - 46. Let k be j(-2). Suppose f - k = -5*t + 12, -2*f + t + 3 = 0. What is the highest common factor of i and f?
1
Suppose -5*v = 26 - 6. Let c be 57/v*(-16 + 0 + 0). Suppose -5*b = -5*g + 295, 2*b + 46 = -3*g + c. What is the greatest common divisor of g and 15?
15
Suppose 424 = 15*i - 161. Calculate the greatest common divisor of 1651 and i.
13
Suppose 0 = -3*v - 2*m + 192, 14*m - 9*m - 15 = 0. Suppose n = 422 - v. What is the greatest common divisor of n and 40?
40
Let r be 9 + 9/(99/1166). Calculate the greatest common factor of 25645 and r.
115
Suppose -773*p + 10636 = -770*p + 5*b, p + 4*b = 3557. Calculate the highest common factor of p and 81.
27
Let u be (-4)/12 + 58/3. Let m be 1610/(-10) - (-14)/(-2). Let o = 263 + m. Calculate the highest common factor of u and o.
19
Let v be 988/20 - (24/(-15) + 1). Let n = 47 - v. Let j(o) = -111*o - 5. Let p be j(n). What is the highest common divisor of 41 and p?
41
Suppose 448*h - 2266 = 218*h + 219*h. What is the highest common factor of 2 and h?
2
Let d be 1/7 + (-9 - 47032/(-56)). What is the greatest common factor of 15 and d?
3
Suppose 6 = 10*q - 34. Suppose -d + 4*o = d - 22, 0 = -5*d + q*o + 37. Suppose -d*u - 286 = -751. What is the highest common divisor of 31 and u?
31
Suppose 3810 = 10*k + 770. Calculate the highest common divisor of 228 and k.
76
Let w(u) = -u**3 - 11*u**2 - 26*u - 16. Let q be w(-11). Suppose 120*h + q = 121*h. Calculate the highest common factor of h and 30.
30
Suppose 0 = w + 4*p + 73, 3*w - 7*w - 347 = 5*p. Let k = -48 - w. Calculate the greatest common factor of 30 and k.
15
Suppose 0 = z + 9*z + 43510. Let i = -6659 - z. Let r be i/(-10) - 4/(-20). Calculate the highest common divisor of 33 and r.
33
Let k(z) = 12 + 306*z - 6*z**2 - z**3 - 306*z. Let p be k(-6). Let x be (135 - 15)*p/10. What is the greatest common divisor of 96 and x?
48
Suppose -3*o + 36 = 2*z - 63, 77 = z - 4*o. Suppose z*d = 54*d + 1548. Let t = 1055 - d. Calculate the greatest common factor of t and 49.
49
Suppose 4414 + 5189 = 17*h - 1362. Calculate the greatest common factor of h and 1677.
129
Let h(y) = -y**3 + 8*y**2 - y + 92. Let f be h(9). Let c be (20/(-20))/(1/(-5)). What is the greatest common factor of f and c?
1
Suppose -19*a + 15*a = -20. Suppose 3*n = a*u + 64, -2*n + 0*n + u + 31 = 0. Let s = 47 + -34. Calculate the highest common divisor of s and n.
13
Let u be 13/26 + 231/(-22) - -9289. What is the highest common factor of 18 and u?
9
Suppose 0 = -4*o - 0*o - q - 552, 3*o + 3*q + 414 = 0. Let g = o - -187. Calculate the highest common divisor of g and 7.
7
Let x(l) = 4*l**2 + 4*l - 21. Let k(w) = 5*w**2 + 4*w - 19. Let d(h) = 3*k(h) - 4*x(h). Let y be d(0). Calculate the greatest common factor of y and 54.
27
Let j(c) = 2*c + 500. Let a be j(14). What is the greatest common factor of a and 114?
6
Let k = -1854 - -5363. What is the highest common divisor of k and 11?
11
Suppose -4*r = -18*r + 396 + 486. What is the greatest common factor of r and 1015?
7
Let v be 33/(330/(-1220))*(3 + -8). What is the highest common divisor of v and 150?
10
Let t = -85 + 88. Suppose 7*z = t*z + 12. Suppose z*g = 12 + 6. What is the greatest common factor of g and 6?
6
Let q = -89 - -60. Let w = q + 237. Let l be (6/(-4))/((-24)/w). Calculate the highest common factor of 13 and l.
13
Suppose 0*s - 3*s + 46 = 4*g, 0 = -3*g + 12. Let n be 538/s + (1 - 12/15). Calculate the greatest common factor of n and 54.
54
Suppose 8*n - 63 = 33. Let u(l) = -l**3 + 12*l**2 + 4*l - 24. Let o be u(n). Let c be 4 + 35 + 3 + -6. What is the highest common divisor of o and c?
12
Let v = 1342 - 836. Let s(h) = -6*h**3 + 23*h**2 - 15*h + 32. Let r be s(2). What is the highest common factor of v and r?
46
Suppose 5*g = 2*f - 196, -38 + 2 = -9*g. Suppose 3*j - 2 - 34 = 0. Calculate the greatest common factor of j and f.
12
Let x = 89 - 92. Let f(y) = -2*y**3 - 2*y**2 + 4*y + 4. Let m be f(x). Suppose 0 = -5*q + 310 + 40. Calculate the highest common factor of q and m.
14
Suppose -5*s - 71 = -211. Let u be -52 + 50 + ((-762)/(-3) - 0). Calculate the greatest common divisor of s and u.
28
Suppose 6*o + 488 - 464 = 0. Let t(v) = -v - 3 + 2*v - v**3 - 3*v**2 + 1. Let i be t(o). Calculate the highest common divisor of i and 40.
10
Suppose -4*h + 5*h - 805 = -5*i, -4*i + 630 = -2*h. What is the highest common factor of 340 and i?
20
Suppose -4*n - v + 9027 = 0, 3*n - 8347 = 3*v - 1573. Calculate the highest common factor of 37 and n.
37
Let y(k) = 30 + 37*k**2 - 25*k - 36*k**2 + 5*k. Let l be y(14). Let d = 59 + l. Calculate the highest common divisor of d and 35.
5
Let p = -1698 - -1770. Calculate the greatest common divisor of p and 3792.
24
Suppose 403 + 1077 = 40*y. Let b be 5 + -2 + (-145)/(-1). What is the highest common factor of b and y?
37
Let w be (8/((-32)/(-9)))/((-102)/(-13192)). What is the highest common factor of w and 2522?
97
Suppose 0 = 4*k - 738 - 950 + 212. Calculate the highest common factor of k and 7995.
123
Let t(n) = n**3 - 22*n**2 - 49*n + 26. Let m be t(24). Suppose 0 = -k - 2, -94 = -2*i - m*k + 4*k. Calculate the highest common factor of 3 and i.
3
Suppose -22*g - 696 = -19*g - 4*g. Calculate the greatest common divisor of g and 1128.
24
Let p(c) = -c**3 + 27*c**2 - 124*c - 12. Let t be p(21). What is the highest common factor of t and 4995?
15
Let y = -909 - -2133. Suppose 0 = -2*f - 2, -20 = 5*x + 2*f + 22. Let u be 2/2 - y/x. Calculate the highest common divisor of 22 and u.
22
Let h(s) = 2*s**3 + 40*s**2 - 9*s - 1. Let l be h(-20). Let k = -159 + l. Calculate the highest common divisor of k and 50.
10
Let f(i) = i**3 + 13*i**2 - 63*i - 564. Let t be f(-12). Calculate the highest common divisor of t and 1456.
112
Let o be (3 - (-3)/(-3))/(128/960). What is the greatest common factor of 4695 and o?
15
Let p = 522 - 518. Suppose -201 = -4*l + h, 195 = p*l + 4*h + h. What is the greatest common divisor of 550 and l?
50
Suppose 2*n - 424 = t, -8*n + 4*t - 230 = -9*n. Calculate the greatest common factor of n and 1819.
107
Let l be 36/(-1)*(81/6)/(-9). What is the greatest common divisor of 24867 and l?
27
Let a = 7287 - 7212. Let s be (-1)/2*(4 - 154). Calculate the greatest common factor of s and a.
75
Suppose 21*b = 22*b. Suppose b = -a - 3*p + 321, -5*a + 2*p = -1374 - 282. Calculate the highest common factor of 30 and a.
30
Suppose 3*c = 4*u - 14, 6 + 6 = u